{"id":616,"date":"2021-10-27T11:03:29","date_gmt":"2021-10-27T09:03:29","guid":{"rendered":"http:\/\/172.16.10.129\/?page_id=616"},"modified":"2023-08-22T13:29:05","modified_gmt":"2023-08-22T11:29:05","slug":"praktikvirksomhed","status":"publish","type":"page","link":"https:\/\/simu.dk\/index.php\/praktikvirksomhed\/","title":{"rendered":"Praktikvirksomheds-konceptet"},"content":{"rendered":"\t\t<div data-elementor-type=\"wp-page\" data-elementor-id=\"616\" class=\"elementor elementor-616\">\n\t\t\t\t\t\t<section class=\"elementor-section elementor-top-section elementor-element elementor-element-e872ce1 elementor-section-boxed elementor-section-height-default elementor-section-height-default\" data-id=\"e872ce1\" data-element_type=\"section\" data-e-type=\"section\">\n\t\t\t\t\t\t<div class=\"elementor-container elementor-column-gap-default\">\n\t\t\t\t\t<div class=\"elementor-column elementor-col-100 elementor-top-column elementor-element elementor-element-dc7eb70\" data-id=\"dc7eb70\" data-element_type=\"column\" data-e-type=\"column\">\n\t\t\t<div class=\"elementor-widget-wrap elementor-element-populated\">\n\t\t\t\t\t\t<div class=\"elementor-element elementor-element-ad7fd33 elementor-widget elementor-widget-heading\" data-id=\"ad7fd33\" data-element_type=\"widget\" data-e-type=\"widget\" data-widget_type=\"heading.default\">\n\t\t\t\t<div class=\"elementor-widget-container\">\n\t\t\t\t\t<h2 class=\"elementor-heading-title elementor-size-default\">Hvad er en uddannelsesvirksomhed?<\/h2>\t\t\t\t<\/div>\n\t\t\t\t<\/div>\n\t\t\t\t<div class=\"elementor-element elementor-element-d8e1f9e elementor-widget elementor-widget-spacer\" data-id=\"d8e1f9e\" data-element_type=\"widget\" data-e-type=\"widget\" data-widget_type=\"spacer.default\">\n\t\t\t\t<div class=\"elementor-widget-container\">\n\t\t\t\t\t\t\t<div class=\"elementor-spacer\">\n\t\t\t<div class=\"elementor-spacer-inner\"><\/div>\n\t\t<\/div>\n\t\t\t\t\t\t<\/div>\n\t\t\t\t<\/div>\n\t\t\t\t\t<\/div>\n\t\t<\/div>\n\t\t\t\t\t<\/div>\n\t\t<\/section>\n\t\t\t\t<section class=\"elementor-section elementor-top-section elementor-element elementor-element-a5b111a elementor-section-boxed elementor-section-height-default elementor-section-height-default\" data-id=\"a5b111a\" data-element_type=\"section\" data-e-type=\"section\">\n\t\t\t\t\t\t<div class=\"elementor-container elementor-column-gap-default\">\n\t\t\t\t\t<div class=\"elementor-column elementor-col-50 elementor-top-column elementor-element elementor-element-5bcbeca\" data-id=\"5bcbeca\" data-element_type=\"column\" data-e-type=\"column\">\n\t\t\t<div class=\"elementor-widget-wrap elementor-element-populated\">\n\t\t\t\t\t\t<div class=\"elementor-element elementor-element-e75adb4 elementor-widget elementor-widget-text-editor\" data-id=\"e75adb4\" data-element_type=\"widget\" data-e-type=\"widget\" data-widget_type=\"text-editor.default\">\n\t\t\t\t<div class=\"elementor-widget-container\">\n\t\t\t\t\t\t\t\t\t<p>En uddannelsesvirksomhed A Practice Enterprise (PE) er en elev-drevet virksomhed, der fungerer som en rigtig forretning. Det simulerer en rigtig virksomheds forretningsgange, produkter og tjenester. En uddannelses-virksomhed ligner en rigtig virksomhed i sin form, organisation og funktion.<\/p><p>Under vejledning af en vejleder skaber studerende og praktikanter deres uddannelsesvirksomhed fra<\/p><ul><li>produktudvikling og produktion,<\/li><li>distribution og salg,<\/li><li>marketing og Human ressource<\/li><li>regnskab\/\u00f8konomi, til<\/li><li>\u00a0webdesign<\/li><\/ul><p>Som &#8220;ansatte&#8221; i en uddannelsesvirksomhed er elever\/studerende ansvarlige for dens pr\u00e6stationer og gennem learning-by-doing-metoden udvikler de ejerskabskompetencer indenfor:<\/p><div>\u00a0<\/div>\t\t\t\t\t\t\t\t<\/div>\n\t\t\t\t<\/div>\n\t\t\t\t\t<\/div>\n\t\t<\/div>\n\t\t\t\t<div class=\"elementor-column elementor-col-50 elementor-top-column elementor-element elementor-element-1ab051c\" data-id=\"1ab051c\" data-element_type=\"column\" data-e-type=\"column\">\n\t\t\t<div class=\"elementor-widget-wrap elementor-element-populated\">\n\t\t\t\t\t\t<div class=\"elementor-element elementor-element-e987653 elementor-widget elementor-widget-video\" data-id=\"e987653\" data-element_type=\"widget\" data-e-type=\"widget\" data-settings=\"{&quot;youtube_url&quot;:&quot;https:\\\/\\\/youtu.be\\\/P2D9opxkcj4&quot;,&quot;video_type&quot;:&quot;youtube&quot;,&quot;controls&quot;:&quot;yes&quot;}\" data-widget_type=\"video.default\">\n\t\t\t\t<div class=\"elementor-widget-container\">\n\t\t\t\t\t\t\t<div class=\"elementor-wrapper elementor-open-inline\">\n\t\t\t<div class=\"elementor-video\"><\/div>\t\t<\/div>\n\t\t\t\t\t\t<\/div>\n\t\t\t\t<\/div>\n\t\t\t\t\t<\/div>\n\t\t<\/div>\n\t\t\t\t\t<\/div>\n\t\t<\/section>\n\t\t\t\t<section class=\"elementor-section elementor-top-section elementor-element elementor-element-4ef5895 elementor-section-boxed elementor-section-height-default elementor-section-height-default\" data-id=\"4ef5895\" data-element_type=\"section\" data-e-type=\"section\">\n\t\t\t\t\t\t<div class=\"elementor-container elementor-column-gap-default\">\n\t\t\t\t\t<div class=\"elementor-column elementor-col-50 elementor-top-column elementor-element elementor-element-09dc6f3\" data-id=\"09dc6f3\" data-element_type=\"column\" data-e-type=\"column\">\n\t\t\t<div class=\"elementor-widget-wrap elementor-element-populated\">\n\t\t\t\t\t\t<div class=\"elementor-element elementor-element-8269fa1 elementor-widget elementor-widget-image\" data-id=\"8269fa1\" data-element_type=\"widget\" data-e-type=\"widget\" data-widget_type=\"image.default\">\n\t\t\t\t<div class=\"elementor-widget-container\">\n\t\t\t\t\t\t\t\t\t\t\t\t\t\t\t<img fetchpriority=\"high\" decoding=\"async\" width=\"768\" height=\"512\" src=\"https:\/\/simu.dk\/wp-content\/uploads\/2021\/10\/office-g825b234f3_1920-768x512.jpg\" class=\"attachment-medium_large size-medium_large wp-image-611\" alt=\"\" srcset=\"https:\/\/simu.dk\/wp-content\/uploads\/2021\/10\/office-g825b234f3_1920-768x512.jpg 768w, https:\/\/simu.dk\/wp-content\/uploads\/2021\/10\/office-g825b234f3_1920-300x200.jpg 300w, https:\/\/simu.dk\/wp-content\/uploads\/2021\/10\/office-g825b234f3_1920-1024x683.jpg 1024w, https:\/\/simu.dk\/wp-content\/uploads\/2021\/10\/office-g825b234f3_1920-391x260.jpg 391w, https:\/\/simu.dk\/wp-content\/uploads\/2021\/10\/office-g825b234f3_1920-1536x1025.jpg 1536w, https:\/\/simu.dk\/wp-content\/uploads\/2021\/10\/office-g825b234f3_1920-1619x1080.jpg 1619w, https:\/\/simu.dk\/wp-content\/uploads\/2021\/10\/office-g825b234f3_1920.jpg 1920w\" sizes=\"(max-width: 768px) 100vw, 768px\" \/>\t\t\t\t\t\t\t\t\t\t\t\t\t\t\t<\/div>\n\t\t\t\t<\/div>\n\t\t\t\t\t<\/div>\n\t\t<\/div>\n\t\t\t\t<div class=\"elementor-column elementor-col-50 elementor-top-column elementor-element elementor-element-3c50bcf\" data-id=\"3c50bcf\" data-element_type=\"column\" data-e-type=\"column\">\n\t\t\t<div class=\"elementor-widget-wrap elementor-element-populated\">\n\t\t\t\t\t\t<div class=\"elementor-element elementor-element-b187f30 elementor-widget elementor-widget-text-editor\" data-id=\"b187f30\" data-element_type=\"widget\" data-e-type=\"widget\" data-widget_type=\"text-editor.default\">\n\t\t\t\t<div class=\"elementor-widget-container\">\n\t\t\t\t\t\t\t\t\t<ul><li>markedsunders\u00f8gelser,<\/li><li>placere annoncer,<\/li><li>k\u00f8be inventar,<\/li><li>logistik plan,<\/li><li>s\u00e6lge simulerede varer eller tjenester,<\/li><li>betale l\u00f8n, skat, ydelser mv.<\/li><\/ul><p>Hver virksomhed engagerer sig i forretningsaktiviteter, b\u00e5de nationalt og internationalt, med andre virksomheder inden for uddannelsesvirksomheds-netv\u00e6rket,<\/p><p>Der er ingen egentlig overf\u00f8rsel af rigtige varer og penge, men handelstransaktionerne og de finansielle udvekslinger finder sted reelt: ordrer foretages, fakturaer udstedes og betalinger overf\u00f8res, \u00f8konomiske optegnelser f\u00f8res, herunder oplysninger om kreditorer, debitorer, aktion\u00e6rer osv.<\/p>\t\t\t\t\t\t\t\t<\/div>\n\t\t\t\t<\/div>\n\t\t\t\t\t<\/div>\n\t\t<\/div>\n\t\t\t\t\t<\/div>\n\t\t<\/section>\n\t\t\t\t<section class=\"elementor-section elementor-top-section elementor-element elementor-element-9ef9e74 elementor-section-boxed elementor-section-height-default elementor-section-height-default\" data-id=\"9ef9e74\" data-element_type=\"section\" data-e-type=\"section\">\n\t\t\t\t\t\t<div class=\"elementor-container elementor-column-gap-default\">\n\t\t\t\t\t<div class=\"elementor-column elementor-col-50 elementor-top-column elementor-element elementor-element-4726961\" data-id=\"4726961\" data-element_type=\"column\" data-e-type=\"column\">\n\t\t\t<div class=\"elementor-widget-wrap elementor-element-populated\">\n\t\t\t\t\t\t<div class=\"elementor-element elementor-element-cd0d8c8 elementor-widget elementor-widget-text-editor\" data-id=\"cd0d8c8\" data-element_type=\"widget\" data-e-type=\"widget\" data-widget_type=\"text-editor.default\">\n\t\t\t\t<div class=\"elementor-widget-container\">\n\t\t\t\t\t\t\t\t\t<h4>TR\u00c6NINGSMILJ\u00d8ET<\/h4><p>Der er standardkrav til udstyr og IT (hardware og software), der skal opfyldes for at drive en uddannelsesvirksomhed. For at g\u00f8re oplevelsen s\u00e5 realistisk som muligt, er hvert l\u00e6ringsrum opdelt i forskellige sektioner, der repr\u00e6senterer de forskellige afdelinger i en virksomhed, s\u00e5som reception, indk\u00f8b, HR, drift og markedsf\u00f8ring.<\/p><p>Uddannelsesvirksomheds-tilgangen l\u00e6gger v\u00e6gt p\u00e5 l\u00e6ring p\u00e5 fire n\u00f8gleomr\u00e5der ved at anvende learning-by-doing-metoden:<\/p><p><strong>Ejerskab<\/strong>: Elever tager ansvar for deres egen l\u00e6ring.<\/p><p><strong>Erfaringsbaseret<\/strong>: Elevernes l\u00e6ring er autentisk og realistisk.<\/p><p><strong>Samarbejde<\/strong>: Elever l\u00e6rer med og fra andre og forst\u00e5r dynamikken i at arbejde som en del af et team.<\/p><p><strong>Reflekterende<\/strong>: Elever oplever konsekvenserne af deres beslutninger og anvender denne l\u00e6ring p\u00e5 fremtidige udfordringer.<\/p>\t\t\t\t\t\t\t\t<\/div>\n\t\t\t\t<\/div>\n\t\t\t\t\t<\/div>\n\t\t<\/div>\n\t\t\t\t<div class=\"elementor-column elementor-col-50 elementor-top-column elementor-element elementor-element-c8a7682\" data-id=\"c8a7682\" data-element_type=\"column\" data-e-type=\"column\">\n\t\t\t<div class=\"elementor-widget-wrap elementor-element-populated\">\n\t\t\t\t\t\t<div class=\"elementor-element elementor-element-b290476 elementor-widget elementor-widget-image\" data-id=\"b290476\" data-element_type=\"widget\" data-e-type=\"widget\" data-widget_type=\"image.default\">\n\t\t\t\t<div class=\"elementor-widget-container\">\n\t\t\t\t\t\t\t\t\t\t\t\t\t\t\t<img decoding=\"async\" width=\"1024\" height=\"683\" src=\"https:\/\/simu.dk\/wp-content\/uploads\/2021\/10\/meeting-ge767c16a8_1920-1024x683.jpg\" class=\"attachment-large size-large wp-image-610\" alt=\"\" srcset=\"https:\/\/simu.dk\/wp-content\/uploads\/2021\/10\/meeting-ge767c16a8_1920-1024x683.jpg 1024w, https:\/\/simu.dk\/wp-content\/uploads\/2021\/10\/meeting-ge767c16a8_1920-300x200.jpg 300w, https:\/\/simu.dk\/wp-content\/uploads\/2021\/10\/meeting-ge767c16a8_1920-768x512.jpg 768w, https:\/\/simu.dk\/wp-content\/uploads\/2021\/10\/meeting-ge767c16a8_1920-391x260.jpg 391w, https:\/\/simu.dk\/wp-content\/uploads\/2021\/10\/meeting-ge767c16a8_1920-1536x1024.jpg 1536w, https:\/\/simu.dk\/wp-content\/uploads\/2021\/10\/meeting-ge767c16a8_1920-1620x1080.jpg 1620w, https:\/\/simu.dk\/wp-content\/uploads\/2021\/10\/meeting-ge767c16a8_1920.jpg 1920w\" sizes=\"(max-width: 1024px) 100vw, 1024px\" \/>\t\t\t\t\t\t\t\t\t\t\t\t\t\t\t<\/div>\n\t\t\t\t<\/div>\n\t\t\t\t\t<\/div>\n\t\t<\/div>\n\t\t\t\t\t<\/div>\n\t\t<\/section>\n\t\t\t\t<\/div>\n\t\t","protected":false},"excerpt":{"rendered":"<p>Hvad er en uddannelsesvirksomhed? En uddannelsesvirksomhed A Practice Enterprise (PE) er en elev-drevet virksomhed, der fungerer som en rigtig forretning. Det simulerer en rigtig virksomheds forretningsgange, produkter og tjenester. En uddannelses-virksomhed ligner en rigtig virksomhed i sin form, organisation og funktion. Under vejledning af en vejleder skaber studerende og praktikanter deres uddannelsesvirksomhed fra produktudvikling og&hellip; <br \/> <a class=\"read-more\" href=\"https:\/\/simu.dk\/index.php\/praktikvirksomhed\/\">Read more<\/a><\/p>\n","protected":false},"author":123458,"featured_media":0,"parent":0,"menu_order":0,"comment_status":"closed","ping_status":"closed","template":"pro\/page-templates\/page-with-small-header.php","meta":{"footnotes":""},"class_list":["post-616","page","type-page","status-publish","hentry"],"_links":{"self":[{"href":"https:\/\/simu.dk\/index.php\/wp-json\/wp\/v2\/pages\/616","targetHints":{"allow":["GET"]}}],"collection":[{"href":"https:\/\/simu.dk\/index.php\/wp-json\/wp\/v2\/pages"}],"about":[{"href":"https:\/\/simu.dk\/index.php\/wp-json\/wp\/v2\/types\/page"}],"author":[{"embeddable":true,"href":"https:\/\/simu.dk\/index.php\/wp-json\/wp\/v2\/users\/123458"}],"replies":[{"embeddable":true,"href":"https:\/\/simu.dk\/index.php\/wp-json\/wp\/v2\/comments?post=616"}],"version-history":[{"count":7,"href":"https:\/\/simu.dk\/index.php\/wp-json\/wp\/v2\/pages\/616\/revisions"}],"predecessor-version":[{"id":5006,"href":"https:\/\/simu.dk\/index.php\/wp-json\/wp\/v2\/pages\/616\/revisions\/5006"}],"wp:attachment":[{"href":"https:\/\/simu.dk\/index.php\/wp-json\/wp\/v2\/media?parent=616"}],"curies":[{"name":"wp","href":"https:\/\/api.w.org\/{rel}","templated":true}]}}