{"id":3923,"date":"2022-04-08T10:12:00","date_gmt":"2022-04-08T08:12:00","guid":{"rendered":"https:\/\/simu.dk\/?page_id=3923"},"modified":"2023-09-11T09:37:47","modified_gmt":"2023-09-11T07:37:47","slug":"joinus-2022-2023","status":"publish","type":"page","link":"https:\/\/simu.dk\/index.php\/projekter\/joinus-2022-2023\/","title":{"rendered":"JOINUS 2022-2023"},"content":{"rendered":"<div  data-label=\"About\" data-id=\"about--1\" data-export-id=\"about-4\" data-category=\"about\" class=\"about-4 content-section content-section-spacing\" id=\"about-1\" style=\"background-color: rgb(255, 255, 255);\"><div  class=\"gridContainer\"> <div  class=\"row middle-sm text-center\"><div  class=\"col-sm-5 space-bottom-xs\" data-type=\"column\">  <h2  class=\"\">ALLIANCE FOR DIGITAL PRACTICE ENTERPRISE EVENTS<\/h2> <p  class=\"\">Praktikvirksomheder (ogs\u00e5 kaldet uddannelsesvirksomheder) bygger bro mellem uddannelse og erhvervslivet. Det styrker inklusionsaspektet i l\u00e6ringsprocessen og giver unge mulighed for at tage ansvar for deres egne l\u00e6ringsforl\u00f8b og l\u00e6re i deres eget tempo. Vellykkede events er en vigtig del af erhvervslivet, og med JOINUS \u00f8nsker vi at udvikle et l\u00e6ringsmilj\u00f8, hvor forskellige eventformer bliver afpr\u00f8vet.<\/p> <\/div> <div  class=\"col-sm-7 flexbox center-xs middle-xs image-group-2-img\"> <a data-cp-link=\"1\" href=\"#\" class=\"img-1-anchor\" target=\"_self\" rel=\"noopener\"><img  decoding=\"async\" class=\"img-1 shadow-large\" data-size=\"250x200\" src=\"https:\/\/simu.dk\/wp-content\/uploads\/2022\/09\/JOINUS-Glyph-adapted.jpg\" title=\"joinus\" alt=\"\"><\/a> <img  decoding=\"async\" class=\"img-2 shadow-large\" data-size=\"220x170\" src=\"https:\/\/simu.dk\/wp-content\/uploads\/2022\/09\/EN-Co-funded-by-the-EU_PANTONE-scaled.jpg\" title=\"EN Co-funded by the EU_PANTONE\" alt=\"\"><\/div> <\/div><\/div> <\/div><div  data-label=\"Content\" data-id=\"content--1\" data-export-id=\"content-17\" data-category=\"content\" class=\"content-17 content-section content-section-spacing\" id=\"content-1\" style=\"background-color: rgb(245, 250, 253);\"><div  class=\"gridContainer\"> <div  class=\"row middle-sm\"><div  class=\"col-sm-6 space-bottom-xs\" data-type=\"column\">  <h3  class=\"\">M\u00c5L<\/h3><p  class=\"\">Uddannelsesvirksomheder (Practice Enterprise p\u00e5 engelsk) er med til at styrke akademiske f\u00e6rdigheder og pr\u00e6stationer, genskabe interessen for uddannelse og \u00f8ge elevernes \u00f8nske om selvudvikling og str\u00e6ben efter livslang l\u00e6ring.\n<br ><br ><br >\n<span  style=\"font-weight: 700;\">Online ungdomsbegivenheder<\/span> giver mulighed for at forbinde med j\u00e6vnaldrende og interagere med unge fra hele Europa. Eleven bliver pr\u00e6senteret for forskellige former for events, og derved skaber vi mulighed for aktivt at involvere de unge i egen l\u00e6ringsproces. Dermed opn\u00e5r eleven bedre motivation, selvinitiativ, kreativitet og ansvar.\n<br ><br ><br >\n<span  style=\"font-style: italic;\">JOINUS \u2013 Alliance for Digital Practice Enterprise Events<\/span>-projektet tilbyder et sikkert <span  style=\"font-weight: 700;\">online arrangementsmilj\u00f8<\/span> for elever. Her f\u00e5r de mulighed for at pr\u00f8ve sig frem med forskellige eventforme som en del af deres uddannelsesforl\u00f8b.<br >\nLavt uddannede deltagere vil f\u00e5 mulighed for at tilegne sig f\u00e6rdigheder og kompetencer i en peersharing-model, hvor de kan <span  style=\"font-style: italic;\">simulere en arbejdsbaseret begivenhed<\/span>&nbsp;uden at skulle at leve op til de forventninger (eller frygte konsekvenserne), der findes, n\u00e5r man skaber events i den virkelige verden. Det betyder, at de kan udf\u00f8re almindelige opgaver igen og igen.\n<br ><br ><br >\nDe vil have fordelene ved virtuel \u00f8velse mens de undg\u00e5r de risici, de ville m\u00f8de i virkeligheden. P\u00e5 samme tid f\u00e5r eleverne mulighed for <span  style=\"font-weight: 700;\">virtuel mobilitet<\/span>, hvorigennem de kan l\u00e6re nye m\u00e5der at arbejde p\u00e5, samt fjernundervisning.<\/p> <\/div> <div  class=\"col-sm-6 flexbox around-xs top-xs space-top-xs space-bottom-xs\"><div  class=\"overlay-box flexbox middle-xs center-xs overlay-holder\"> <div  class=\"overlay-box-offset offset-background shadow-medium bg-color2 hide-xs\"><\/div> <img  decoding=\"async\" class=\"flexbox shadow-large img1\" data-size=\"500x500\" src=\"https:\/\/simu.dk\/wp-content\/uploads\/2022\/09\/JOINUS-Logo-horizontal.jpg\" title=\"JOINUS Logo - horizontal\" alt=\"\"><\/div> <\/div><\/div> <\/div><\/div><div  data-label=\"Content\" data-id=\"content--2\" data-export-id=\"content-18\" data-category=\"content\" class=\"content-18 content-section content-section-spacing\" id=\"content-2\" style=\"background-color: rgb(255, 255, 255);\"><div  class=\"gridContainer\"> <div  class=\"row middle-sm\"><div  class=\"col-sm-6 flexbox around-xs top-xs space-bottom-xs space-top-xs\"> <div  class=\"overlay-box flexbox middle-xs center-xs overlay-holder\"><div  class=\"overlay-box-offset offset-background shadow-medium bg-color2 hide-xs\"><\/div> <a data-cp-link=\"1\" href=\"\/\/joinus.penworldwide.org\" target=\"_blank\" rel=\"noopener\"><img  decoding=\"async\" class=\"flexbox shadow-large img1\" data-size=\"500x500\" src=\"https:\/\/simu.dk\/wp-content\/uploads\/2023\/09\/cropped-cropped-businesswoman-3641630_1280.jpg-SKILLS.jpg\" title=\"skills\" alt=\"skills\"><\/a><\/div> <\/div> <div  class=\"col-sm-6\" data-type=\"column\">  <h4  class=\"\">RESULTATER<\/h4><p  class=\"\">Projektet vil pr\u00e6sentere og udvikle <span style=\"font-weight: 700;\" >fremtidssikre eventmodeller<\/span>, der vil fastholde den p\u00e6dagogiske anvendelsesmulighed ogs\u00e5 i krisetider, som fx det vi oplevede i den forgangne covid-19 pandemi.\n<br ><br ><br >\nEftersp\u00f8rgslen efter <span style=\"font-weight: 700;\" >eventmodeller i b\u00e5de online, hybrid og fysisk fremm\u00f8de<\/span> formater er fortsat meget h\u00f8j. Derfor unders\u00f8ger vi med JOINUS alle modeller og giver eleverne mulighed for at \u00f8ve sig i dem alle.\n<br ><br ><br >\nDerudover giver JOINUS-projektets rummelighed ungdomsorganisationer fra \u00f8konomisk udfordrede regioner mulighed for at forts\u00e6tte deres <span  style=\"font-style: italic;\">internationaliseringsstrategi<\/span>.<br ><br >\n<br >L\u00e6s mere p\u00e5<a data-mce-href=\"https:\/\/joinus.penworldwide.org\/\" href=\"https:\/\/joinus.penworldwide.org\" target=\"_blank\" rel=\"noopener\" data-mce-selected=\"inline-boundary\" data-cp-link=\"1\" class=\"\">&nbsp;https:\/\/joinus.penworldwide.org\/&nbsp;\ufeff<\/a><\/p> <\/div> <\/div><\/div> <\/div><div  data-label=\"Team\" data-id=\"team--1\" data-export-id=\"team-2\" data-category=\"team\" class=\"team-2 content-section content-section-spacing\" id=\"team-1\" style=\"background-color: rgb(245, 250, 253);\"><div  class=\"gridContainer\"> <div  class=\"row text-center\"><div  class=\"section-title-col\" data-type=\"column\"> <h2  class=\"\">Vores konsortium<\/h2> <\/div> <\/div> <div  class=\"row spaced-cols content-center-sm\" data-type=\"row\"> <div  class=\"col-sm-6 col-md-3\"> <div  class=\"card y-move no-padding bordered\"> <img  decoding=\"async\" class=\"face\" src=\"https:\/\/simu.dk\/wp-content\/uploads\/2021\/10\/pen-logo-penapps.png\" title=\"pen logo penapps\" alt=\"\"> <div  data-type=\"column\" class=\"col-padding-small col-padding-small-xs description-container\"> <h4  class=\"font-500\">PEN WORLDWIDE<\/h4> <p  class=\"small\" style=\"font-style: italic;\">GERMANY<\/p> <div  class=\"social-icons-group\" data-type=\"group\"> <a href=\"#\" target=\"_self\" data-reiki-hidden=\"true\" rel=\"noopener\"><i  class=\"fa icon fa-facebook-square gray\"><\/i><\/a> <a href=\"#\" target=\"_self\" data-reiki-hidden=\"true\" rel=\"noopener\"><i  class=\"fa icon fa-twitter-square gray\"><\/i><\/a> <a href=\"#\" target=\"_self\" data-reiki-hidden=\"true\" rel=\"noopener\"><i  class=\"fa icon fa-linkedin-square gray\"><\/i><\/a> <a href=\"#\" target=\"_self\" data-reiki-hidden=\"true\" rel=\"noopener\"><i  class=\"fa icon fa-google-plus-square gray\"><\/i><\/a><\/div> <a class=\"button color1\" href=\"https:\/\/www.penworldwide.org\/project\/digiprac\" target=\"_blank\" data-cp-link=\"1\" data-icon=\"\" rel=\"noopener\">WEBSITE<\/a><\/div><\/div> <\/div> <div  class=\"col-sm-6 col-md-3\"> <div  class=\"card y-move no-padding bordered\"> <img  decoding=\"async\" class=\"face\" src=\"https:\/\/simu.dk\/wp-content\/uploads\/2021\/10\/reep-penapps.png\" title=\"reep penapps\" alt=\"\"> <div  data-type=\"column\" class=\"col-padding-small col-padding-small-xs description-container\"> <h4  class=\"font-500\">REEP<\/h4> <p  class=\"small\" style=\"font-style: italic;\">France<\/p> <div  class=\"social-icons-group\" data-type=\"group\"> <a href=\"#\" target=\"_self\" data-reiki-hidden=\"true\" rel=\"noopener\"><i  class=\"fa icon fa-facebook-square gray\"><\/i><\/a> <a href=\"#\" target=\"_self\" data-reiki-hidden=\"true\" rel=\"noopener\"><i  class=\"fa icon fa-twitter-square gray\"><\/i><\/a> <a href=\"#\" target=\"_self\" data-reiki-hidden=\"true\" rel=\"noopener\"><i  class=\"fa icon fa-linkedin-square gray\"><\/i><\/a> <a href=\"#\" target=\"_self\" data-reiki-hidden=\"true\" rel=\"noopener\"><i  class=\"fa icon fa-google-plus-square gray\"><\/i><\/a><\/div> <a class=\"button color1\" href=\"https:\/\/www.reep.fr\" target=\"_blank\" data-cp-link=\"1\" data-icon=\"\" rel=\"noopener\">WEBSITE<\/a><\/div><\/div> <\/div> <div  class=\"col-sm-6 col-md-3\"> <div  class=\"card y-move no-padding bordered\"> <img  decoding=\"async\" class=\"face\" src=\"https:\/\/simu.dk\/wp-content\/uploads\/2022\/02\/inform.png\" title=\"inform\" alt=\"\"> <div  data-type=\"column\" class=\"col-padding-small col-padding-small-xs description-container\"> <h4  class=\"font-500\">FUNDACIO INFORM<\/h4> <p  class=\"small\" style=\"font-style: italic;\">SPAIN<\/p> <div  class=\"social-icons-group\" data-type=\"group\"> <a href=\"#\" target=\"_self\" data-reiki-hidden=\"true\" rel=\"noopener\"><i  class=\"fa icon fa-facebook-square gray\"><\/i><\/a> <a href=\"#\" target=\"_self\" data-reiki-hidden=\"true\" rel=\"noopener\"><i  class=\"fa icon fa-twitter-square gray\"><\/i><\/a> <a href=\"#\" target=\"_self\" data-reiki-hidden=\"true\" rel=\"noopener\"><i  class=\"fa icon fa-linkedin-square gray\"><\/i><\/a> <a href=\"#\" target=\"_self\" data-reiki-hidden=\"true\" rel=\"noopener\"><i  class=\"fa icon fa-google-plus-square gray\"><\/i><\/a><\/div> <a class=\"button color1\" href=\"https:\/\/INFORM.ES\" target=\"_self\" data-cp-link=\"1\" data-icon=\"\" rel=\"noopener\">WEBSITE<\/a><\/div><\/div> <\/div> <div  class=\"col-sm-6 col-md-3\"> <div  class=\"card y-move no-padding bordered\"> <img  decoding=\"async\" class=\"face\" src=\"https:\/\/simu.dk\/wp-content\/uploads\/2022\/04\/centro.png\" title=\"centro\" alt=\"\"> <div  data-type=\"column\" class=\"col-padding-small col-padding-small-xs description-container\"> <h4  class=\"font-500\">Centro Studi<span  id=\"_mce_caret\" data-mce-bogus=\"1\" data-mce-type=\"format-caret\"><span  style=\"font-style: italic;\">\ufeff<\/span><\/span><\/h4> <p  class=\"small\" style=\"font-style: italic;\">Italy<\/p> <div  class=\"social-icons-group\" data-type=\"group\"> <a href=\"#\" target=\"_self\" data-reiki-hidden=\"true\" rel=\"noopener\"><i  class=\"fa icon fa-facebook-square gray\"><\/i><\/a> <a href=\"#\" target=\"_self\" data-reiki-hidden=\"true\" rel=\"noopener\"><i  class=\"fa icon fa-twitter-square gray\"><\/i><\/a> <a href=\"#\" target=\"_self\" data-reiki-hidden=\"true\" rel=\"noopener\"><i  class=\"fa icon fa-linkedin-square gray\"><\/i><\/a> <a href=\"#\" target=\"_self\" data-reiki-hidden=\"true\" rel=\"noopener\"><i  class=\"fa icon fa-google-plus-square gray\"><\/i><\/a><\/div> <a class=\"button color1\" href=\"http:\/\/www.centrostudi-odc.it\" target=\"_blank\" data-cp-link=\"1\" data-icon=\"\" rel=\"noopener\">WEBSITE<\/a><\/div><\/div> <\/div> <div  class=\"col-sm-6 col-md-3\"> <div  class=\"card y-move no-padding bordered\"> <img  decoding=\"async\" class=\"face\" src=\"https:\/\/simu.dk\/wp-content\/uploads\/2022\/04\/liba.png\" title=\"liba\" alt=\"\"> <div  data-type=\"column\" class=\"col-padding-small col-padding-small-xs description-container\"> <h4  class=\"font-500\">LIBA<\/h4> <p  class=\"small\" style=\"font-style: italic;\">LITHUANIA<\/p> <div  class=\"social-icons-group\" data-type=\"group\"> <a href=\"#\" target=\"_self\" data-reiki-hidden=\"true\" rel=\"noopener\"><i  class=\"fa icon fa-facebook-square gray\"><\/i><\/a> <a href=\"#\" target=\"_self\" data-reiki-hidden=\"true\" rel=\"noopener\"><i  class=\"fa icon fa-twitter-square gray\"><\/i><\/a> <a href=\"#\" target=\"_self\" data-reiki-hidden=\"true\" rel=\"noopener\"><i  class=\"fa icon fa-linkedin-square gray\"><\/i><\/a> <a href=\"#\" target=\"_self\" rel=\"noopener\" data-reiki-hidden=\"true\"><i  class=\"fa icon fa-google-plus-square gray\"><\/i><\/a><\/div> <a class=\"button color1\" href=\"https:\/\/liba.lt\" target=\"_blank\" data-cp-link=\"1\" data-icon=\"\" rel=\"noopener\">WEBSITE<\/a><\/div><\/div> <\/div> <div  class=\"col-sm-6 col-md-3\"> <div  class=\"card y-move no-padding bordered\"> <img  decoding=\"async\" class=\"face\" src=\"https:\/\/simu.dk\/wp-content\/uploads\/2022\/02\/ibc.png\" title=\"ibc\" alt=\"\"> <div  data-type=\"column\" class=\"col-padding-small col-padding-small-xs description-container\"> <h4  class=\"font-500\">IBC<\/h4> <p  class=\"small\" style=\"font-style: italic;\">DENMARK<\/p> <div  class=\"social-icons-group\" data-type=\"group\"> <a href=\"#\" target=\"_self\" data-reiki-hidden=\"true\" rel=\"noopener\"><i  class=\"fa icon fa-facebook-square gray\"><\/i><\/a> <a href=\"#\" target=\"_self\" data-reiki-hidden=\"true\" rel=\"noopener\"><i  class=\"fa icon fa-twitter-square gray\"><\/i><\/a> <a href=\"#\" target=\"_self\" data-reiki-hidden=\"true\" rel=\"noopener\"><i  class=\"fa icon fa-linkedin-square gray\"><\/i><\/a> <a href=\"#\" target=\"_self\" rel=\"noopener\" data-reiki-hidden=\"true\"><i  class=\"fa icon fa-google-plus-square gray\"><\/i><\/a><\/div> <a class=\"button color1\" href=\"#\" target=\"_blank\" data-cp-link=\"1\" data-icon=\"\" rel=\"noopener\">WEBSITE<\/a><\/div><\/div> <\/div>  <\/div> <\/div><\/div>","protected":false},"excerpt":{"rendered":"<p>ALLIANCE FOR DIGITAL PRACTICE ENTERPRISE EVENTS Praktikvirksomheder (ogs\u00e5 kaldet uddannelsesvirksomheder) bygger bro mellem uddannelse og erhvervslivet. Det styrker inklusionsaspektet i l\u00e6ringsprocessen og giver unge mulighed for at tage ansvar for deres egne l\u00e6ringsforl\u00f8b og l\u00e6re i deres eget tempo. Vellykkede events er en vigtig del af erhvervslivet, og med JOINUS \u00f8nsker vi at udvikle et&hellip; <br \/> <a class=\"read-more\" href=\"https:\/\/simu.dk\/index.php\/projekter\/joinus-2022-2023\/\">Read more<\/a><\/p>\n","protected":false},"author":123458,"featured_media":0,"parent":253,"menu_order":0,"comment_status":"closed","ping_status":"closed","template":"pro\/page-templates\/page-with-small-header.php","meta":{"footnotes":""},"class_list":["post-3923","page","type-page","status-publish","hentry"],"_links":{"self":[{"href":"https:\/\/simu.dk\/index.php\/wp-json\/wp\/v2\/pages\/3923","targetHints":{"allow":["GET"]}}],"collection":[{"href":"https:\/\/simu.dk\/index.php\/wp-json\/wp\/v2\/pages"}],"about":[{"href":"https:\/\/simu.dk\/index.php\/wp-json\/wp\/v2\/types\/page"}],"author":[{"embeddable":true,"href":"https:\/\/simu.dk\/index.php\/wp-json\/wp\/v2\/users\/123458"}],"replies":[{"embeddable":true,"href":"https:\/\/simu.dk\/index.php\/wp-json\/wp\/v2\/comments?post=3923"}],"version-history":[{"count":7,"href":"https:\/\/simu.dk\/index.php\/wp-json\/wp\/v2\/pages\/3923\/revisions"}],"predecessor-version":[{"id":5323,"href":"https:\/\/simu.dk\/index.php\/wp-json\/wp\/v2\/pages\/3923\/revisions\/5323"}],"up":[{"embeddable":true,"href":"https:\/\/simu.dk\/index.php\/wp-json\/wp\/v2\/pages\/253"}],"wp:attachment":[{"href":"https:\/\/simu.dk\/index.php\/wp-json\/wp\/v2\/media?parent=3923"}],"curies":[{"name":"wp","href":"https:\/\/api.w.org\/{rel}","templated":true}]}}