{"id":261,"date":"2021-09-21T09:34:51","date_gmt":"2021-09-21T07:34:51","guid":{"rendered":"http:\/\/172.16.10.129\/?page_id=261"},"modified":"2023-09-11T11:08:47","modified_gmt":"2023-09-11T09:08:47","slug":"i-dont-know-2020-2022","status":"publish","type":"page","link":"https:\/\/simu.dk\/index.php\/projekter\/i-dont-know-2020-2022\/","title":{"rendered":"I DONT KNOW 2020 &#8211; 2022"},"content":{"rendered":"<div  data-label=\"About\" data-id=\"about--1\" data-export-id=\"about-1\" data-category=\"about\" class=\"about-1 content-section\" id=\"about-1\" style=\"background-color: rgb(245, 250, 253);\"><div  class=\"gridContainer\"> <div  class=\"row text-center\"><div  class=\"section-title-col\" data-type=\"column\">  <h2  class=\"\">Innovative Development Of New Training for Knowledge of Navigating Options of<br >\nWealthmanagement<\/h2> <p  class=\"lead\">I DONT KNOW digital platform tilbyder et s\u00e6t interaktive tjenester, herunder adgang til information, v\u00e6rkt\u00f8jer og l\u00e6ring via APPs. Det er udviklet som et praktisk v\u00e6rkt\u00f8j for EUD-undervisere og undervisere i finansiel l\u00e6sef\u00e6rdighedsundervisning fra skoler og organisationer, der arbejder med unge.<\/p><\/div> <\/div> <div  class=\"row\"> <div  class=\"button-holder space-bottom space-bottom-small\" data-type=\"column\"> <\/div> <div  class=\"col-xs bottom-xs flexbox image-group-bottom-3-img space-bottom-xs center-xs\"> <a data-cp-link=\"1\" href=\"#\" class=\"left-img-anchor\" target=\"_self\" rel=\"noopener\"><img  decoding=\"async\" class=\"left-img shadow-large-black\" data-size=\"500x300\" src=\"https:\/\/simu.dk\/wp-content\/uploads\/2022\/09\/EN-Co-funded-by-the-EU_PANTONE-scaled.jpg\" title=\"799px-Erasmus+_Logo.svg\" alt=\"\"><\/a> <a data-cp-link=\"1\" href=\"#\" class=\"center-img-anchor\" target=\"_self\" rel=\"noopener\"><img  decoding=\"async\" class=\"center-img shadow-large-black\" data-size=\"500x300\" src=\"https:\/\/simu.dk\/wp-content\/uploads\/2021\/09\/cropped-idk-1.png\" title=\"cropped-idk-1.png\" alt=\"\"><\/a> <img  decoding=\"async\" class=\"right-img shadow-large-black\" data-size=\"500x300\" src=\"https:\/\/simu.dk\/wp-content\/uploads\/2023\/09\/cropped-cropped-cropped-businesswoman-3641630_1280.jpg-SKILLS.jpg\" title=\"skills\" alt=\"skills\"><\/div> <\/div><\/div> <\/div><div  data-label=\"About\" data-id=\"about--3\" data-export-id=\"about-4\" data-category=\"about\" class=\"about-4 content-section content-section-spacing\" id=\"about-3\" style=\"background-color: rgb(255, 255, 255);\"><div  class=\"gridContainer\"> <div  class=\"row middle-sm text-center\"><div  class=\"col-sm-5 space-bottom-xs\" data-type=\"column\">  <h2  class=\"\" style=\"text-align: left;\">Partnere<\/h2> <p  class=\"\" style=\"text-align: left;\">I DONT KNOW -projektkonsortiet omfatter projektkoordinatoren Malta Stock Exchange Institute Ltd., Malta og 5 partnere: KIST Consult e. U., \u00d8strig; International Business College, Danmark; \u00c5lands yrkesgymnasium, \u00c5land\/Finland; Obrtna tehni\u010dka \u0161kola, Kroatien og Poljoprivredno \u0161umarska \u0161kola Vinkovci, Kroatien.\n<br >\n<br ><b >M\u00e5lgruppe<\/b><br >\nUnge i Europa, 15 til 25 \u00e5r, med minimum EQF -niveau B1 p\u00e5 v\u00e6rtsprog og med grundl\u00e6ggende digitale f\u00e6rdigheder.<\/p> <\/div> <div  class=\"col-sm-7 flexbox center-xs middle-xs image-group-2-img\"> <a data-cp-link=\"1\" href=\"#\" class=\"img-1-anchor\" target=\"_self\" rel=\"noopener\"><img  decoding=\"async\" class=\"img-1 shadow-large\" data-size=\"250x200\" src=\"https:\/\/simu.dk\/wp-content\/uploads\/2022\/09\/EN-Co-funded-by-the-EU_PANTONE-scaled.jpg\"><\/a> <a data-cp-link=\"1\" href=\"#\" class=\"img-2-anchor\" target=\"_self\" rel=\"noopener\"><img  decoding=\"async\" class=\"img-2 shadow-large\" data-size=\"220x170\" src=\"https:\/\/simu.dk\/wp-content\/uploads\/2021\/09\/cropped-idk-1.png\"><\/a><\/div> <\/div><\/div> <\/div><div  data-label=\"Content\" data-id=\"content--2\" data-export-id=\"content-5-2\" data-category=\"content\" class=\"content-5-2 content-section content-section-spacing\" id=\"content-2\" style=\"background-color: rgb(245, 250, 253); background-image: none;\"><div  class=\"gridContainer\"> <div  class=\"row text-center\"><div  class=\"section-title-col\" data-type=\"column\">  <\/div> <\/div> <div  class=\"row middle-sm\"> <div  class=\"col-sm-6 flexbox around-xs top-xs\"> <div  class=\"overlay-box flexbox middle-xs center-xs overlay-holder\"> <div  class=\"overlay-box-offset offset-background shadow-medium bg-color2 hide-xs\"><\/div> <img  decoding=\"async\" class=\"flexbox shadow-large img1\" data-size=\"485x632\" src=\"https:\/\/simu.dk\/wp-content\/uploads\/2023\/09\/cropped-IDK-final.jpg\" title=\"cropped-IDK-final.jpg\" alt=\"\"><\/div> <\/div> <div  class=\"col-sm-6 space-bottom-xs\"> <div  class=\"row space-bottom content-holder\" data-type=\"column\">  <p  class=\"\">\n<span  id=\"_mce_caret\" data-mce-bogus=\"1\" data-mce-type=\"format-caret\"><span  style=\"font-weight: 700;\">\ufeffTidshorisont<\/span><\/span><br ><br >Projektet forl\u00f8b i 24 m\u00e5neder fra september 2020 til august 2022. \n<br >Resultaterne kan ses p\u00e5&nbsp;<a data-mce-href=\"https:\/\/project-idontknow.com\/da\/\" href=\"https:\/\/project-idontknow.com\/da\/\" target=\"_blank\" rel=\"noopener\" data-mce-selected=\"inline-boundary\" data-cp-link=\"1\">https:\/\/project-idontknow.com\/da\/<\/a>\n<br ><br >\n<br >P\u00e5 hjemmesiden har du fri adgang til de apps, der blev udviklet i l\u00f8bet af projektet og som hj\u00e6lper med bl.a.:\n<br >\n<br ><br ><br >\u2013 <span  style=\"font-weight: 700;\">uddannelsesplan<\/span> for erhvervelse af \u00f8konomiske f\u00e6rdigheder\n<br >\u2013 en<span  style=\"font-weight: 700;\"> database<\/span> som samler v\u00e6rkt\u00f8jer, ressourcer, praksisser mm som vedr\u00f8rer finansielle f\u00e6rdigheder\n<br >\u2013 <span style=\"font-weight: 700;\" >l\u00e6ring via apps<\/span>&nbsp;\n<br >\u2013 <span style=\"font-weight: 700;\" >p\u00e6dagogisk h\u00e5ndbog<\/span> for erhvervsuddannelsesl\u00e6reren med fokus p\u00e5 \u00f8konomiske l\u00e6sef\u00e6rdigheder igennem innovative l\u00e6ringsmetoder\n<br ><br >\n<br ><br ><\/p><\/div> <div  class=\"row space-bottom\" data-type=\"row\">   <div  class=\"col-sm-6\"><i  class=\"fa icon fa-codepen medium color1\"><\/i>  <\/div> <\/div><\/div> <\/div><\/div> <\/div><div  data-label=\"facebook\" data-id=\"cta--1\" data-export-id=\"cta-centered-bg-section\" data-category=\"cta\" data-section-ov=\"1\" class=\"cta-centered-bg-section content-section content-section-spacing-medium white-text\" data-parallax-depth=\"20\" id=\"facebook\" style=\"background-color: rgb(245, 250, 253);\"><div  class=\"gridContainer\"> <div  class=\"row text-center\"><div  data-type=\"column\" class=\"\"> <h2  class=\"\">M\u00f8d os p\u00e5 facebook<\/h2> <a class=\"button color1\" href=\"https:\/\/www.facebook.com\/groups\/386609746285319\" target=\"_blank\" data-cp-link=\"1\" data-icon=\"\" rel=\"noopener\">Facebook<\/a><\/div> <\/div><\/div> <\/div><div  data-label=\"Team\" data-id=\"team--1\" data-export-id=\"team-2\" data-category=\"team\" class=\"team-2 content-section content-section-spacing\" id=\"team-1\" style=\"background-color: rgb(255, 255, 255); background-image: none;\"><div  class=\"gridContainer\"> <div  class=\"row text-center\"><div  class=\"section-title-col\" data-type=\"column\"> <h2  class=\"\">Projekt konsortiet<\/h2> <\/div> <\/div> <div  class=\"row spaced-cols content-center-sm\" data-type=\"row\"> <div  class=\"col-sm-6 col-md-3\"> <div  class=\"card y-move no-padding bordered\">  <div  data-type=\"column\" class=\"col-padding-small col-padding-small-xs description-container\"> <img  decoding=\"async\" class=\"custom-image\" src=\"https:\/\/simu.dk\/wp-content\/uploads\/2021\/10\/Logo-MSEI-Malta-1024x589-1.jpg\" title=\"Logo-MSEI-Malta-1024x589\" alt=\"\"><h4  class=\"font-500\">Malta Stock Exchange Institute Ltd<\/h4> <p  class=\"small\" style=\"font-style: italic;\">Cliff Pace Garrison Chapel,<br >\nCastille Place, Valletta, \n<br >Malta<\/p> <div  class=\"social-icons-group\" data-type=\"group\"> <a href=\"#\" target=\"_self\" data-reiki-hidden=\"true\" rel=\"noopener\"><i  class=\"fa icon fa-facebook-square gray\"><\/i><\/a> <a href=\"#\" target=\"_self\" data-reiki-hidden=\"true\" rel=\"noopener\"><i  class=\"fa icon fa-twitter-square gray\"><\/i><\/a> <a href=\"#\" target=\"_self\" data-reiki-hidden=\"true\" rel=\"noopener\"><i  class=\"fa icon fa-linkedin-square gray\"><\/i><\/a> <a href=\"#\" target=\"_self\" data-reiki-hidden=\"true\" rel=\"noopener\"><i  class=\"fa icon fa-google-plus-square gray\"><\/i><\/a><\/div> <a class=\"button color1 round\" href=\"https:\/\/www.borzamalta.com.mt\" target=\"_blank\" data-cp-link=\"1\" data-icon=\"\" rel=\"noopener\">Website<\/a><\/div><\/div> <\/div> <div  class=\"col-sm-6 col-md-3\"> <div  class=\"card y-move no-padding bordered\"> <a data-cp-link=\"1\" href=\"#\" target=\"_self\" rel=\"noopener\"><img  decoding=\"async\" class=\"face\" src=\"https:\/\/simu.dk\/wp-content\/uploads\/2021\/10\/Logo-AYG-Finland-1024x587-1.jpg\" title=\"Logo-AYG-Finland-1024x587\" alt=\"\"><\/a> <div  data-type=\"column\" class=\"col-padding-small col-padding-small-xs description-container\"> <h4  class=\"font-500\">\u00c5lands yrkesgymnasium\n<\/h4> <p  class=\"small\" style=\"font-style: italic;\">\n<br >Anna-Lena Groos<br >\nStrandgatan 1, 22100 Mariehamn, Finland<\/p> <div  class=\"social-icons-group\" data-type=\"group\"> <a href=\"#\" target=\"_self\" data-reiki-hidden=\"true\" rel=\"noopener\"><i  class=\"fa icon fa-facebook-square gray\"><\/i><\/a> <a href=\"#\" target=\"_self\" data-reiki-hidden=\"true\" rel=\"noopener\"><i  class=\"fa icon fa-twitter-square gray\"><\/i><\/a> <a href=\"#\" target=\"_self\" data-reiki-hidden=\"true\" rel=\"noopener\"><i  class=\"fa icon fa-linkedin-square gray\"><\/i><\/a> <a href=\"#\" target=\"_self\" data-reiki-hidden=\"true\" rel=\"noopener\"><i  class=\"fa icon fa-google-plus-square gray\"><\/i><\/a><\/div> <a class=\"button color1 round\" href=\"https:\/\/www.gymnasium.ax\/alands-yrkesgymnasium\" target=\"_blank\" data-cp-link=\"1\" data-icon=\"\" rel=\"noopener\">Website<\/a><\/div><\/div> <\/div> <div  class=\"col-sm-6 col-md-3\"> <div  class=\"card y-move no-padding bordered\"> <a data-cp-link=\"1\" href=\"#\" target=\"_self\" rel=\"noopener\"><img  decoding=\"async\" class=\"face\" src=\"https:\/\/simu.dk\/wp-content\/uploads\/2021\/10\/Logo-PSSVK-Croatia.png\" title=\"Logo-PSSVK-Croatia\" alt=\"\"><\/a> <div  data-type=\"column\" class=\"col-padding-small col-padding-small-xs description-container\"> <h4  class=\"font-500\">\n<br ><br >\n<br >Poljoprivredno \u0161umarska \u0161kola Vinkovci<\/h4> <p  class=\"small\" style=\"font-style: italic;\">Rejhana Nuhanovi\u0107 Tadijan<br >\nH. D. Genschera 16, 32100 Vinkovci, Croatia<\/p> <div  class=\"social-icons-group\" data-type=\"group\"> <a href=\"#\" target=\"_self\" data-reiki-hidden=\"true\" rel=\"noopener\"><i  class=\"fa icon fa-facebook-square gray\"><\/i><\/a> <a href=\"#\" target=\"_self\" data-reiki-hidden=\"true\" rel=\"noopener\"><i  class=\"fa icon fa-twitter-square gray\"><\/i><\/a> <a href=\"#\" target=\"_self\" data-reiki-hidden=\"true\" rel=\"noopener\"><i  class=\"fa icon fa-linkedin-square gray\"><\/i><\/a> <a href=\"#\" target=\"_self\" data-reiki-hidden=\"true\" rel=\"noopener\"><i  class=\"fa icon fa-google-plus-square gray\"><\/i><\/a><\/div> <a class=\"button color1 round\" href=\"http:\/\/ss-poljoprivredno-sumarska-vk.skole.hr\" target=\"_blank\" data-cp-link=\"1\" data-icon=\"\" rel=\"noopener\">Website<\/a><\/div><\/div> <\/div> <div  class=\"col-sm-6 col-md-3\"> <div  class=\"card y-move no-padding bordered\"> <a data-cp-link=\"1\" href=\"#\" target=\"_self\" rel=\"noopener\"><img  decoding=\"async\" class=\"face\" src=\"https:\/\/simu.dk\/wp-content\/uploads\/2021\/10\/KIST-logo.jpg\" title=\"KIST-logo\" alt=\"\"><\/a> <div  data-type=\"column\" class=\"col-padding-small col-padding-small-xs description-container\"> <h4  class=\"font-500\">KIST Consult\n<\/h4> <p  class=\"small\" style=\"font-style: italic;\">Raj Sethia<br >\nKarawankenblickstrasse 193,<br >\nAT-9020 Klagenfurt, Austria<\/p> <div  class=\"social-icons-group\" data-type=\"group\"> <a href=\"#\" target=\"_self\" data-reiki-hidden=\"true\" rel=\"noopener\"><i  class=\"fa icon fa-facebook-square gray\"><\/i><\/a> <a href=\"#\" target=\"_self\" data-reiki-hidden=\"true\" rel=\"noopener\"><i  class=\"fa icon fa-twitter-square gray\"><\/i><\/a> <a href=\"#\" target=\"_self\" data-reiki-hidden=\"true\" rel=\"noopener\"><i  class=\"fa icon fa-linkedin-square gray\"><\/i><\/a> <a href=\"#\" target=\"_self\" data-reiki-hidden=\"true\" rel=\"noopener\"><i  class=\"fa icon fa-google-plus-square gray\"><\/i><\/a><\/div> <a class=\"button color1 round\" href=\"https:\/\/kist-consult.com\" target=\"_blank\" data-cp-link=\"1\" data-icon=\"\" rel=\"noopener\">Website<\/a><\/div><\/div> <\/div> <div  class=\"col-sm-6 col-md-3\"> <div  class=\"card y-move no-padding bordered\"> <a data-cp-link=\"1\" href=\"#\" target=\"_self\" rel=\"noopener\"><img  decoding=\"async\" class=\"face\" src=\"https:\/\/simu.dk\/wp-content\/uploads\/2021\/10\/Logo-OTS-Croatia.jpg\" title=\"Logo-OTS-Croatia\" alt=\"\"><\/a> <div  data-type=\"column\" class=\"col-padding-small col-padding-small-xs description-container\"> <h4  class=\"font-500\" style=\"text-align: center;\">Obrtna tehni\u010dka&nbsp;\u0161kola<\/h4> <p  class=\"small\" style=\"font-style: italic;\">Tonka Medvid<br >\nPlan\u010di\u0107eva 1, 21000 Split\n<br >Croatia<\/p> <div  class=\"social-icons-group\" data-type=\"group\"> <a href=\"#\" target=\"_self\" data-reiki-hidden=\"true\" rel=\"noopener\"><i  class=\"fa icon fa-facebook-square gray\"><\/i><\/a> <a href=\"#\" target=\"_self\" data-reiki-hidden=\"true\" rel=\"noopener\"><i  class=\"fa icon fa-twitter-square gray\"><\/i><\/a> <a href=\"#\" target=\"_self\" data-reiki-hidden=\"true\" rel=\"noopener\"><i  class=\"fa icon fa-linkedin-square gray\"><\/i><\/a> <a href=\"#\" target=\"_self\" data-reiki-hidden=\"true\" rel=\"noopener\"><i  class=\"fa icon fa-google-plus-square gray\"><\/i><\/a><\/div> <a class=\"button color1 round\" href=\"http:\/\/ss-obrtna-tehnicka-st.skole.hr\" target=\"_blank\" data-cp-link=\"1\" data-icon=\"\" rel=\"noopener\">Website<\/a><\/div><\/div> <\/div> <div  class=\"col-sm-6 col-md-3\"> <div  class=\"card y-move no-padding bordered\"> <a data-cp-link=\"1\" href=\"#\" target=\"_self\" rel=\"noopener\"><img  decoding=\"async\" class=\"face\" src=\"https:\/\/simu.dk\/wp-content\/uploads\/2021\/10\/Logo-IBC-Denmark-909x1024-1.jpg\" title=\"Logo-IBC-Denmark-909x1024\" alt=\"\"><\/a> <div  data-type=\"column\" class=\"col-padding-small col-padding-small-xs description-container\"> <h4  class=\"font-500\"><i >International Business College<\/i><\/h4> <p  class=\"small\" style=\"font-style: italic;\">Paw Hoff J\u00f8rgensen<br >\nBirkemosevej 1, 6000 Kolding, Denmark<\/p> <div  class=\"social-icons-group\" data-type=\"group\"> <a href=\"#\" target=\"_self\" data-reiki-hidden=\"true\" rel=\"noopener\"><i  class=\"fa icon fa-facebook-square gray\"><\/i><\/a> <a href=\"#\" target=\"_self\" data-reiki-hidden=\"true\" rel=\"noopener\"><i  class=\"fa icon fa-twitter-square gray\"><\/i><\/a> <a href=\"#\" target=\"_self\" data-reiki-hidden=\"true\" rel=\"noopener\"><i  class=\"fa icon fa-linkedin-square gray\"><\/i><\/a> <a href=\"#\" target=\"_self\" data-reiki-hidden=\"true\" rel=\"noopener\"><i  class=\"fa icon fa-google-plus-square gray\"><\/i><\/a><\/div> <a class=\"button color1 round\" href=\"https:\/\/www.ibc.dk\" target=\"_blank\" data-cp-link=\"1\" data-icon=\"\" rel=\"noopener\">Website<\/a><\/div><\/div> <\/div>  <\/div> <\/div><\/div>","protected":false},"excerpt":{"rendered":"<p>Innovative Development Of New Training for Knowledge of Navigating Options of Wealthmanagement I DONT KNOW digital platform tilbyder et s\u00e6t interaktive tjenester, herunder adgang til information, v\u00e6rkt\u00f8jer og l\u00e6ring via APPs. Det er udviklet som et praktisk v\u00e6rkt\u00f8j for EUD-undervisere og undervisere i finansiel l\u00e6sef\u00e6rdighedsundervisning fra skoler og organisationer, der arbejder med unge. Partnere I&hellip; <br \/> <a class=\"read-more\" href=\"https:\/\/simu.dk\/index.php\/projekter\/i-dont-know-2020-2022\/\">Read more<\/a><\/p>\n","protected":false},"author":123458,"featured_media":0,"parent":253,"menu_order":0,"comment_status":"closed","ping_status":"closed","template":"pro\/page-templates\/page-with-small-header.php","meta":{"footnotes":""},"class_list":["post-261","page","type-page","status-publish","hentry"],"_links":{"self":[{"href":"https:\/\/simu.dk\/index.php\/wp-json\/wp\/v2\/pages\/261","targetHints":{"allow":["GET"]}}],"collection":[{"href":"https:\/\/simu.dk\/index.php\/wp-json\/wp\/v2\/pages"}],"about":[{"href":"https:\/\/simu.dk\/index.php\/wp-json\/wp\/v2\/types\/page"}],"author":[{"embeddable":true,"href":"https:\/\/simu.dk\/index.php\/wp-json\/wp\/v2\/users\/123458"}],"replies":[{"embeddable":true,"href":"https:\/\/simu.dk\/index.php\/wp-json\/wp\/v2\/comments?post=261"}],"version-history":[{"count":4,"href":"https:\/\/simu.dk\/index.php\/wp-json\/wp\/v2\/pages\/261\/revisions"}],"predecessor-version":[{"id":5347,"href":"https:\/\/simu.dk\/index.php\/wp-json\/wp\/v2\/pages\/261\/revisions\/5347"}],"up":[{"embeddable":true,"href":"https:\/\/simu.dk\/index.php\/wp-json\/wp\/v2\/pages\/253"}],"wp:attachment":[{"href":"https:\/\/simu.dk\/index.php\/wp-json\/wp\/v2\/media?parent=261"}],"curies":[{"name":"wp","href":"https:\/\/api.w.org\/{rel}","templated":true}]}}