{"id":259,"date":"2021-09-21T09:34:08","date_gmt":"2021-09-21T07:34:08","guid":{"rendered":"http:\/\/172.16.10.129\/?page_id=259"},"modified":"2023-09-11T09:45:15","modified_gmt":"2023-09-11T07:45:15","slug":"penapp-2020-2022","status":"publish","type":"page","link":"https:\/\/simu.dk\/index.php\/projekter\/penapp-2020-2022\/","title":{"rendered":"PENAPP 2020 &#8211; 2022"},"content":{"rendered":"\t\t<div data-elementor-type=\"wp-page\" data-elementor-id=\"259\" class=\"elementor elementor-259\">\n\t\t\t\t\t\t<section class=\"elementor-section elementor-top-section elementor-element elementor-element-78a0a51f elementor-section-boxed elementor-section-height-default elementor-section-height-default\" data-id=\"78a0a51f\" data-element_type=\"section\" data-e-type=\"section\">\n\t\t\t\t\t\t<div class=\"elementor-container elementor-column-gap-default\">\n\t\t\t\t\t<div class=\"elementor-column elementor-col-100 elementor-top-column elementor-element elementor-element-6520c2a\" data-id=\"6520c2a\" data-element_type=\"column\" data-e-type=\"column\">\n\t\t\t<div class=\"elementor-widget-wrap elementor-element-populated\">\n\t\t\t\t\t\t<div class=\"elementor-element elementor-element-591ba667 elementor-widget elementor-widget-text-editor\" data-id=\"591ba667\" data-element_type=\"widget\" data-e-type=\"widget\" data-widget_type=\"text-editor.default\">\n\t\t\t\t<div class=\"elementor-widget-container\">\n\t\t\t\t\t\t\t\t\t<div data-label=\"About\" data-id=\"about--2\" data-export-id=\"about-4\" data-category=\"about\" class=\"about-4 content-section content-section-spacing\" id=\"about-2\" style=\"background-color: rgb(245, 250, 253);\">\n<div class=\"gridContainer\">\n<div class=\"row middle-sm text-center\">\n<div class=\"col-sm-5 space-bottom-xs\" data-type=\"column\">\n<h2 class=\"\">DIGITAL TOOL FOR PRACTICE ENTERPRISES<\/h2>\n<p class=\"\">Digitalt v\u00e6rkt\u00f8j til praktikvirksomheder<\/p>\n<\/div>\n<div class=\"col-sm-7 flexbox center-xs middle-xs image-group-2-img\"> <a data-cp-link=\"1\" href=\"#\" class=\"img-1-anchor\" target=\"_self\" rel=\"noopener\"><img decoding=\"async\" class=\"img-1 shadow-large\" data-size=\"250x200\" src=\"https:\/\/simu.dk\/wp-content\/uploads\/2021\/09\/cropped-penapps-2-2.png\" title=\"cropped-penapps-2-2.png\" alt=\"\"><\/a> <a data-cp-link=\"1\" href=\"#\" class=\"img-2-anchor\" target=\"_self\" rel=\"noopener\"><img decoding=\"async\" class=\"img-2 shadow-large\" data-size=\"220x170\" src=\"https:\/\/simu.dk\/wp-content\/uploads\/2021\/09\/799px-Erasmus_Logo.svg_.png\" title=\"799px-Erasmus+_Logo.svg\" alt=\"\"><\/a><\/div>\n<\/div>\n<\/div>\n<\/div>\n<p><!-- Created with Elementor --><\/p>\n<div data-label=\"Content\" data-id=\"content--4\" data-export-id=\"content-5\" data-category=\"content\" class=\"content-5 content-section content-section-spacing\" id=\"content-4\" style=\"background-color: rgb(255, 255, 255); background-image: none;\">\n<div class=\"gridContainer\">\n<div class=\"row text-center\">\n<div class=\"section-title-col\" data-type=\"column\">  <\/div>\n<\/div>\n<div class=\"row middle-sm\">\n<div class=\"col-sm-6 space-bottom-xs\">\n<div class=\"row space-bottom content-holder\" data-type=\"column\">\n<p class=\"\">Mere end 7.000 praktikvirksomheder har adgang til praktisk erfaring med simuleret handel p\u00e5 internationalt plan. Dette betyder, at i stedet for kun at simulere handel igennem nationale sammenh\u00e6nge, vil <b>PENAPPS-platformen <\/b>g\u00f8re det muligt for alle praktikvirksomheder p\u00e5 internationalt plan at <b>deltage i international handel<\/b>.<br>\n<br><br>Hovedm\u00e5let med PENAPPS-projektet er at lette international handel for mere end 200.000 studerende om \u00e5ret. Dette g\u00f8res muligt i et <b>virtuelt online milj\u00f8 <\/b>baseret p\u00e5 simulering som en <b>praksisorienteret l\u00e6ringsmetode<\/b>. M\u00e5let med dette projekt n\u00e5s igennem udviklingen af online digitale v\u00e6rkt\u00f8jer best\u00e5ende af 5 moduler n\u00e6vnt herunder:<\/p>\n<\/div>\n<div class=\"row space-bottom\" data-type=\"row\">\n<div class=\"col-sm-6 space-bottom\"><p> <i class=\"fa icon fa-codepen medium color1\"><\/i> <\/p>\n<h5 class=\"\">Advertising module<\/h5>\n<\/div>\n<div class=\"col-sm-6\"><p><i class=\"fa icon fa-codepen medium color1\"><\/i> <\/p>\n<h5 class=\"\">A Web Application<\/h5>\n<\/div>\n<div class=\"col-sm-6 space-bottom\"><p><i class=\"fa icon fa-codepen medium color1\"><\/i> <\/p>\n<h5 class=\"\">Messaging and Notifications system<\/h5>\n<\/div>\n<div class=\"col-sm-6\"><p><i class=\"fa icon fa-codepen medium color1\"><\/i> <\/p>\n<h5 class=\"\">A Monitoring and Ticketing system<\/h5>\n<\/div>\n<div class=\"col-sm-6 space-bottom\"><p> <i class=\"fa icon fa-codepen medium color1\"><\/i> <\/p>\n<h5 class=\"\">innovative concept called Worlds<\/h5>\n<\/div>\n<\/div>\n<\/div>\n<div class=\"col-sm-6 flexbox around-xs top-xs space-bottom-xs\">\n<div class=\"overlay-box flexbox middle-xs center-xs overlay-holder\">\n<div class=\"overlay-box-offset offset-background shadow-medium bg-color2 hide-xs\"><\/div>\n<p> <img decoding=\"async\" class=\"flexbox shadow-large img1\" data-size=\"485x632\" src=\"https:\/\/simu.dk\/wp-content\/uploads\/2021\/09\/cropped-penapps-2-2.png\" title=\"cropped-penapps-2-2.png\" alt=\"\"><\/p><\/div>\n<\/div>\n<\/div>\n<\/div>\n<\/div>\n<div data-label=\"Team\" data-id=\"team--1\" data-export-id=\"team-2\" data-category=\"team\" class=\"team-2 content-section content-section-spacing\" id=\"team-1\" style=\"background-color: rgb(245, 250, 253); background-image: none;\">\n<div class=\"gridContainer\">\n<div class=\"row text-center\">\n<div class=\"section-title-col\" data-type=\"column\">\n<h2 class=\"\">Projekt konsortiet<\/h2>\n<p class=\"lead\">F\u00f8lgende partnere er med i konsortiet:<\/p>\n<\/div>\n<\/div>\n<div class=\"row spaced-cols content-center-sm\" data-type=\"row\">\n<div class=\"col-sm-6 col-md-3\">\n<div class=\"card y-move no-padding bordered\"><p> <a data-cp-link=\"1\" href=\"#\" target=\"_self\" rel=\"noopener\"><img decoding=\"async\" class=\"face\" src=\"https:\/\/Simu.dk\/wp-content\/uploads\/2021\/10\/bfz-penapps.png\" title=\"bfz penapps\" alt=\"\"><\/a> <\/p>\n<div data-type=\"column\" class=\"col-padding-small col-padding-small-xs description-container\">\n<h4 class=\"font-500\">BFZ-Essen<\/h4>\n<div class=\"social-icons-group\" data-type=\"group\"> <a href=\"#\" target=\"_self\" data-reiki-hidden=\"true\" rel=\"noopener\"><i class=\"fa icon fa-facebook-square gray\"><\/i><\/a> <a href=\"#\" target=\"_self\" data-reiki-hidden=\"true\" rel=\"noopener\"><i class=\"fa icon fa-twitter-square gray\"><\/i><\/a> <a href=\"#\" target=\"_self\" data-reiki-hidden=\"true\" rel=\"noopener\"><i class=\"fa icon fa-linkedin-square gray\"><\/i><\/a> <a href=\"#\" target=\"_self\" data-reiki-hidden=\"true\" rel=\"noopener\"><i class=\"fa icon fa-google-plus-square gray\"><\/i><\/a><\/div>\n<p> <a class=\"button color1\" href=\"https:\/\/www.bfz-essen.de\" target=\"_self\" data-cp-link=\"1\" data-icon=\"\" rel=\"noopener\">Website<\/a><\/p><\/div>\n<\/div>\n<\/div>\n<div class=\"col-sm-6 col-md-3\">\n<div class=\"card y-move no-padding bordered\"><p> <a data-cp-link=\"1\" href=\"#\" target=\"_self\" rel=\"noopener\"><img decoding=\"async\" class=\"face\" src=\"https:\/\/simu.dk\/wp-content\/uploads\/2021\/10\/pen-logo-penapps.png\" title=\"pen logo penapps\" alt=\"\"><\/a> <\/p>\n<div data-type=\"column\" class=\"col-padding-small col-padding-small-xs description-container\">\n<h4 class=\"font-500\">Pen Wolrdwide<br>\n<\/h4>\n<div class=\"social-icons-group\" data-type=\"group\"> <a href=\"#\" target=\"_self\" data-reiki-hidden=\"true\" rel=\"noopener\"><i class=\"fa icon fa-facebook-square gray\"><\/i><\/a> <a href=\"#\" target=\"_self\" data-reiki-hidden=\"true\" rel=\"noopener\"><i class=\"fa icon fa-twitter-square gray\"><\/i><\/a> <a href=\"#\" target=\"_self\" data-reiki-hidden=\"true\" rel=\"noopener\"><i class=\"fa icon fa-linkedin-square gray\"><\/i><\/a> <a href=\"#\" target=\"_self\" data-reiki-hidden=\"true\" rel=\"noopener\"><i class=\"fa icon fa-google-plus-square gray\"><\/i><\/a><\/div>\n<p> <a class=\"button color1\" href=\"https:\/\/www.penworldwide.org\" target=\"_self\" data-cp-link=\"1\" data-icon=\"\" rel=\"noopener\">Website<\/a><\/p><\/div>\n<\/div>\n<\/div>\n<div class=\"col-sm-6 col-md-3\">\n<div class=\"card y-move no-padding bordered\"><p> <a data-cp-link=\"1\" href=\"#\" target=\"_self\" rel=\"noopener\"><img decoding=\"async\" class=\"face\" src=\"https:\/\/simu.dk\/wp-content\/uploads\/2021\/10\/reep-penapps.png\" title=\"reep penapps\" alt=\"\"><\/a> <\/p>\n<div data-type=\"column\" class=\"col-padding-small col-padding-small-xs description-container\">\n<h4 class=\"font-500\">REEP Euro Ent\u2019Ent<br>\n<\/h4>\n<div class=\"social-icons-group\" data-type=\"group\"> <a href=\"#\" target=\"_self\" data-reiki-hidden=\"true\" rel=\"noopener\"><i class=\"fa icon fa-facebook-square gray\"><\/i><\/a> <a href=\"#\" target=\"_self\" data-reiki-hidden=\"true\" rel=\"noopener\"><i class=\"fa icon fa-twitter-square gray\"><\/i><\/a> <a href=\"#\" target=\"_self\" data-reiki-hidden=\"true\" rel=\"noopener\"><i class=\"fa icon fa-linkedin-square gray\"><\/i><\/a> <a href=\"#\" target=\"_self\" data-reiki-hidden=\"true\" rel=\"noopener\"><i class=\"fa icon fa-google-plus-square gray\"><\/i><\/a><\/div>\n<p> <a class=\"button color1\" href=\"https:\/\/euroentent.net\" target=\"_self\" data-cp-link=\"1\" data-icon=\"\" rel=\"noopener\">Website<\/a><\/p><\/div>\n<\/div>\n<\/div>\n<div class=\"col-sm-6 col-md-3\">\n<div class=\"card y-move no-padding bordered\"><p> <a data-cp-link=\"1\" href=\"#\" target=\"_self\" rel=\"noopener\"><img decoding=\"async\" class=\"face\" src=\"https:\/\/simu.dk\/wp-content\/uploads\/2021\/10\/helvartis-penapps.png\" title=\"helvartis penapps\" alt=\"\"><\/a> <\/p>\n<div data-type=\"column\" class=\"col-padding-small col-padding-small-xs description-container\">\n<h4 class=\"font-500\">Helvartis<br>\n<\/h4>\n<div class=\"social-icons-group\" data-type=\"group\"> <a href=\"#\" target=\"_self\" data-reiki-hidden=\"true\" rel=\"noopener\"><i class=\"fa icon fa-facebook-square gray\"><\/i><\/a> <a href=\"#\" target=\"_self\" data-reiki-hidden=\"true\" rel=\"noopener\"><i class=\"fa icon fa-twitter-square gray\"><\/i><\/a> <a href=\"#\" target=\"_self\" data-reiki-hidden=\"true\" rel=\"noopener\"><i class=\"fa icon fa-linkedin-square gray\"><\/i><\/a> <a href=\"#\" target=\"_self\" data-reiki-hidden=\"true\" rel=\"noopener\"><i class=\"fa icon fa-google-plus-square gray\"><\/i><\/a><\/div>\n<p> <a class=\"button color1\" href=\"https:\/\/www.helvartis.ch\" target=\"_self\" data-cp-link=\"1\" data-icon=\"\" rel=\"noopener\">Website<\/a><\/p><\/div>\n<\/div>\n<\/div>\n<div class=\"col-sm-6 col-md-3\">\n<div class=\"card y-move no-padding bordered\"><p> <img decoding=\"async\" class=\"face\" src=\"https:\/\/simu.dk\/wp-content\/uploads\/2021\/10\/ibc-logo.png\" title=\"ibc logo\" alt=\"\"> <\/p>\n<div data-type=\"column\" class=\"col-padding-small col-padding-small-xs description-container\">\n<h4 class=\"font-500\">International Business College<\/h4>\n<div class=\"social-icons-group\" data-type=\"group\"> <a href=\"#\" target=\"_self\" data-reiki-hidden=\"true\" rel=\"noopener\"><i class=\"fa icon fa-facebook-square gray\"><\/i><\/a> <a href=\"#\" target=\"_self\" data-reiki-hidden=\"true\" rel=\"noopener\"><i class=\"fa icon fa-twitter-square gray\"><\/i><\/a> <a href=\"#\" target=\"_self\" data-reiki-hidden=\"true\" rel=\"noopener\"><i class=\"fa icon fa-linkedin-square gray\"><\/i><\/a> <a href=\"#\" target=\"_self\" data-reiki-hidden=\"true\" rel=\"noopener\"><i class=\"fa icon fa-google-plus-square gray\"><\/i><\/a><\/div>\n<p> <a class=\"button color1\" href=\"https:\/\/www.ibc.dk\" target=\"_self\" data-cp-link=\"1\" data-icon=\"\" rel=\"noopener\">Website<\/a><\/p><\/div>\n<\/div>\n<\/div>\n<\/div>\n<\/div>\n<\/div>\t\t\t\t\t\t\t\t<\/div>\n\t\t\t\t<\/div>\n\t\t\t\t\t<\/div>\n\t\t<\/div>\n\t\t\t\t\t<\/div>\n\t\t<\/section>\n\t\t\t\t<\/div>\n\t\t","protected":false},"excerpt":{"rendered":"<p>DIGITAL TOOL FOR PRACTICE ENTERPRISES Digitalt v\u00e6rkt\u00f8j til praktikvirksomheder Mere end 7.000 praktikvirksomheder har adgang til praktisk erfaring med simuleret handel p\u00e5 internationalt plan. Dette betyder, at i stedet for kun at simulere handel igennem nationale sammenh\u00e6nge, vil PENAPPS-platformen g\u00f8re det muligt for alle praktikvirksomheder p\u00e5 internationalt plan at deltage i international handel. Hovedm\u00e5let med&hellip; <br \/> <a class=\"read-more\" href=\"https:\/\/simu.dk\/index.php\/projekter\/penapp-2020-2022\/\">Read more<\/a><\/p>\n","protected":false},"author":123458,"featured_media":0,"parent":253,"menu_order":0,"comment_status":"closed","ping_status":"closed","template":"pro\/page-templates\/page-with-small-header.php","meta":{"footnotes":""},"class_list":["post-259","page","type-page","status-publish","hentry"],"_links":{"self":[{"href":"https:\/\/simu.dk\/index.php\/wp-json\/wp\/v2\/pages\/259","targetHints":{"allow":["GET"]}}],"collection":[{"href":"https:\/\/simu.dk\/index.php\/wp-json\/wp\/v2\/pages"}],"about":[{"href":"https:\/\/simu.dk\/index.php\/wp-json\/wp\/v2\/types\/page"}],"author":[{"embeddable":true,"href":"https:\/\/simu.dk\/index.php\/wp-json\/wp\/v2\/users\/123458"}],"replies":[{"embeddable":true,"href":"https:\/\/simu.dk\/index.php\/wp-json\/wp\/v2\/comments?post=259"}],"version-history":[{"count":3,"href":"https:\/\/simu.dk\/index.php\/wp-json\/wp\/v2\/pages\/259\/revisions"}],"predecessor-version":[{"id":5327,"href":"https:\/\/simu.dk\/index.php\/wp-json\/wp\/v2\/pages\/259\/revisions\/5327"}],"up":[{"embeddable":true,"href":"https:\/\/simu.dk\/index.php\/wp-json\/wp\/v2\/pages\/253"}],"wp:attachment":[{"href":"https:\/\/simu.dk\/index.php\/wp-json\/wp\/v2\/media?parent=259"}],"curies":[{"name":"wp","href":"https:\/\/api.w.org\/{rel}","templated":true}]}}